7
What is the ten thousands digit of 431598086?
9
What is the ten millions digit of 237354321?
3
What is the hundred thousands digit of 278060341?
0
What is the hundred thousands digit of 132275478?
2
What is the thousands digit of 47268168?
8
What is the ten millions digit of 48765921?
4
What is the ten millions digit of 164677976?
6
What is the hundred millions digit of 1406486023?
4
What is the hundreds digit of 328728960?
9
What is the thousands digit of 1893206161?
6
What is the millions digit of 7342627?
7
What is the millions digit of 68234358?
8
What is the tens digit of 220650469?
6
What is the hundreds digit of 1871055520?
5
What is the ten millions digit of 43501097?
4
What is the units digit of 119068020?
0
What is the hundred millions digit of 947323056?
9
What is the ten millions digit of 150715245?
5
What is the units digit of 193659939?
9
What is the hundred thousands digit of 621256119?
2
What is the hundreds digit of 125544978?
9
What is the ten millions digit of 13569964?
1
What is the units digit of 1653616964?
4
What is the units digit of 12895394?
4
What is the millions digit of 40591222?
0
What is the millions digit of 158440200?
8
What is the thousands digit of 249060121?
0
What is the hundred thousands digit of 454532684?
5
What is the hundreds digit of 35006992?
9
What is the ten millions digit of 746743857?
4
What is the tens digit of 81055065?
6
What is the thousands digit of 7629461586?
1
What is the hundreds digit of 339187513?
5
What is the hundreds digit of 44265726?
7
What is the hundred millions digit of 112119680?
1
What is the millions digit of 5957645?
5
What is the tens digit of 324121985?
8
What is the hundreds digit of 296351830?
8
What is the ten thousands digit of 139082167?
8
What is the tens digit of 149197591?
9
What is the hundred millions digit of 4557263567?
5
What is the units digit of 5408057792?
2
What is the units digit of 2994941451?
1
What is the hundreds digit of 72913708?
7
What is the units digit of 2381521879?
9
What is the ten millions digit of 35325603?
3
What is the hundred thousands digit of 345445858?
4
What is the hundreds digit of 22704572?
5
What is the ten thousands digit of 2249254952?
5
What is the tens digit of 64145272?
7
What is the thousands digit of 170224942?
4
What is the hundreds digit of 161162111?
1
What is the millions digit of 279229826?
9
What is the thousands digit of 3318423951?
3
What is the units digit of 18614099?
9
What is the tens digit of 189794061?
6
What is the tens digit of 15421194?
9
What is the units digit of 243578706?
6
What is the thousands digit of 26493890?
3
What is the thousands digit of 27765060?
5
What is the tens digit of 9141768241?
4
What is the tens digit of 1267073329?
2
What is the tens digit of 26764552?
5
What is the ten millions digit of 48010801?
4
What is the hundred millions digit of 106536602?
1
What is the hundred thousands digit of 1903885629?
8
What is the thousands digit of 5572173033?
3
What is the tens digit of 491806711?
1
What is the ten millions digit of 715066254?
1
What is the thousands digit of 789565672?
5
What is the hundred thousands digit of 7745422?
7
What is the billions digit of 3911320607?
3
What is the ten millions digit of 270568128?
7
What is the ten millions digit of 43911381?
4
What is the units digit of 3582662181?
1
What is the units digit of 322430281?
1
What is the units digit of 25852819?
9
What is the millions digit of 21514563?
1
What is the hundred thousands digit of 192162726?
1
What is the hundred thousands digit of 16743038?
7
What is the tens digit of 733917282?
8
What is the units digit of 139308025?
5
What is the millions digit of 847964240?
7
What is the ten thousands digit of 48043503?
4
What is the hundreds digit of 35538347?
3
What is the hundred thousands digit of 14715942?
7
What is the hundreds digit of 134533599?
5
What is the units digit of 75348973?
3
What is the units digit of 58985576?
6
What is the tens digit of 197770341?
4
What is the hundred millions digit of 275869577?
2
What is the ten millions digit of 2152993289?
5
What is the units digit of 25599300?
0
What is the ten millions digit of 6928852072?
2
What is the hundred thousands digit of 13881155?
8
What is the units digit of 1129470378?
8
What is the units digit of 3778176?
6
What is the hundreds digit of 32140768?
7
What is the hundred thousands digit of 25268138?
2
What is the tens digit of 47059378?
7
What is the tens digit of 2868411143?
4
What is the ten thousands digit of 270294044?
9
What is the units digit of 3576418?
8
What is the ten thousands digit of 83524651?
2
What is the thousands digit of 5821228116?
8
What is the hundreds digit of 2723056815?
8
What is the tens digit of 212703227?
2
What is the ten thousands digit of 1760127478?
2
What is the hundred millions digit of 164587977?
1
What is the hundreds digit of 774881549?
5
What is the ten millions digit of 153459714?
5
What is the tens digit of 2644304756?
5
What is the hundred thousands digit of 420925041?
9
What is the units digit of 53897296?
6
What is the hundred thousands digit of 26243470?
2
What is the units digit of 24156309?
9
What is the ten millions digit of 17982822?
1
What is the ten millions digit of 15052650?
1
What is the hundred thousands digit of 1112727275?
7
What is the ten millions digit of 42512295?
4
What is the ten thousands digit of 1436365423?
6
What is the ten thousands digit of 318536547?
3
What is the hundred thousands digit of 348522543?
5
What is the units digit of 43588042?
2
What is the millions digit of 63955538?
3
What is the millions digit of 48085659?
8
What is the hundreds digit of 164917907?
9
What is the millions digit of 362129248?
2
What is the units digit of 4259927606?
6
What is the ten millions digit of 92838871?
9
What is the units digit of 32673526?
6
What is the millions digit of 497371104?
7
What is the billions digit of 2045861111?
2
What is the tens digit of 83975980?
8
What is the units digit of 6267960598?
8
What is the hundred millions digit of 1320939591?
3
What is the units digit of 89041510?
0
What is the ten thousands digit of 1134103752?
0
What is the units digit of 1791534140?
0
What is the hundred millions digit of 245498712?
2
What is the ten millions digit of 123698385?
2
What is the hundred millions digit of 4235821822?
2
What is the tens digit of 1003023036?
3
What is the ten thousands digit of 5452170?
5
What is the hundreds digit of 813934275?
2
What is the millions digit of 315194768?
5
What is the thousands digit of 973913750?
3
What is the millions digit of 629033070?
9
What is the millions digit of 54841971?
4
What is the units digit of 47618342?
2
What is the ten thousands digit of 4950441698?
4
What is the units digit of 2440286633?
3
What is the ten thousands digit of 290830825?
3
What is the thousands digit of 118119689?
9
What is the tens digit of 2229723755?
5
What is the ten millions digit of 82908758?
8
What is the tens digit of 24850302?
0
What is the millions digit of 57198785?
7
What is the ten thousands digit of 282833812?
3
What is the millions digit of 797611213?
7
What is the hundreds digit of 210134519?
5
What is the thousands digit of 53466471?
6
What is the thousands digit of 50721316?
1
What is the tens digit of 1405630304?
0
What is the ten thousands digit of 3139215601?
1
What is the units digit of 81630266?
6
What is the tens digit of 33449847?
4
What is the hundred thousands digit of 464448288?
4
What is the ten thousands digit of 725145026?
4
What is the hundred millions digit of 479829216?
4
What is the ten thousands digit of 28768450?
6
What is the millions digit of 1187940561?
7
What is the hundred millions digit of 526704580?
5
What is the units digit of 1689690662?
2
What is the hundred millions digit of 624031157?
6
What is the hundred millions digit of 205885175?
2
What is the millions digit of 3957749430?
7
What is the millions digit of 1526340914?
6
What is the ten thousands digit of 51506018?
0
What is the hundred thousands digit of 76708480?
7
What is the ten millions digit of 4804474184?
0
What is the tens digit of 28463387?
8
What is the units digit of 785269997?
7
What is the hundred millions digit of 5024942985?
0
What is the millions dig